 of 70543?
0
What is the tens digit of 102?
0
What is the tens digit of 87570?
7
What is the tens digit of 33630?
3
What is the hundreds digit of 217?
2
What is the units digit of 85685?
5
What is the units digit of 1284?
4
What is the units digit of 54179?
9
What is the units digit of 21135?
5
What is the units digit of 799?
9
What is the tens digit of 2713?
1
What is the ten thousands digit of 16128?
1
What is the units digit of 1535?
5
What is the hundreds digit of 10641?
6
What is the units digit of 1077?
7
What is the units digit of 1147?
7
What is the thousands digit of 10948?
0
What is the units digit of 1252?
2
What is the tens digit of 2179?
7
What is the thousands digit of 15199?
5
What is the units digit of 143?
3
What is the thousands digit of 69438?
9
What is the thousands digit of 6466?
6
What is the units digit of 14896?
6
What is the tens digit of 156?
5
What is the hundreds digit of 7158?
1
What is the tens digit of 1094?
9
What is the thousands digit of 1723?
1
What is the ten thousands digit of 12647?
1
What is the thousands digit of 13863?
3
What is the hundreds digit of 132635?
6
What is the units digit of 105384?
4
What is the tens digit of 28027?
2
What is the tens digit of 6248?
4
What is the units digit of 5218?
8
What is the thousands digit of 5286?
5
What is the tens digit of 83350?
5
What is the thousands digit of 20806?
0
What is the hundreds digit of 8018?
0
What is the units digit of 1799?
9
What is the hundreds digit of 11442?
4
What is the tens digit of 659?
5
What is the thousands digit of 20376?
0
What is the ten thousands digit of 79812?
7
What is the tens digit of 46651?
5
What is the units digit of 27375?
5
What is the ten thousands digit of 93472?
9
What is the thousands digit of 55767?
5
What is the units digit of 119?
9
What is the tens digit of 176?
7
What is the tens digit of 83788?
8
What is the tens digit of 3062?
6
What is the tens digit of 953?
5
What is the tens digit of 514?
1
What is the tens digit of 3335?
3
What is the hundreds digit of 34471?
4
What is the thousands digit of 20957?
0
What is the units digit of 16380?
0
What is the tens digit of 1449?
4
What is the tens digit of 866?
6
What is the hundreds digit of 301?
3
What is the hundreds digit of 1661?
6
What is the tens digit of 250?
5
What is the hundreds digit of 1074?
0
What is the tens digit of 367?
6
What is the tens digit of 234?
3
What is the thousands digit of 2994?
2
What is the tens digit of 10510?
1
What is the ten thousands digit of 121961?
2
What is the hundreds digit of 11571?
5
What is the tens digit of 663?
6
What is the units digit of 9360?
0
What is the tens digit of 41285?
8
What is the ten thousands digit of 24670?
2
What is the tens digit of 3005?
0
What is the tens digit of 26407?
0
What is the thousands digit of 9312?
9
What is the units digit of 54532?
2
What is the units digit of 226?
6
What is the tens digit of 953?
5
What is the tens digit of 749?
4
What is the units digit of 20544?
4
What is the tens digit of 140879?
7
What is the tens digit of 1960?
6
What is the ten thousands digit of 41127?
4
What is the units digit of 2065?
5
What is the tens digit of 24804?
0
What is the units digit of 3048?
8
What is the units digit of 373?
3
What is the tens digit of 648?
4
What is the hundreds digit of 440?
4
What is the tens digit of 2847?
4
What is the hundreds digit of 795?
7
What is the ten thousands digit of 21524?
2
What is the units digit of 7062?
2
What is the tens digit of 61169?
6
What is the tens digit of 729?
2
What is the tens digit of 98?
9
What is the units digit of 106616?
6
What is the thousands digit of 2138?
2
What is the hundreds digit of 46808?
8
What is the hundreds digit of 924?
9
What is the hundreds digit of 2150?
1
What is the thousands digit of 86803?
6
What is the tens digit of 8845?
4
What is the hundreds digit of 88998?
9
What is the units digit of 6806?
6
What is the hundreds digit of 1046?
0
What is the units digit of 43485?
5
What is the hundreds digit of 41510?
5
What is the hundreds digit of 410?
4
What is the units digit of 1477?
7
What is the hundreds digit of 2397?
3
What is the hundreds digit of 611?
6
What is the tens digit of 2718?
1
What is the tens digit of 3520?
2
What is the tens digit of 3829?
2
What is the thousands digit of 15829?
5
What is the units digit of 3874?
4
What is the units digit of 7884?
4
What is the thousands digit of 4355?
4
What is the units digit of 2000?
0
What is the hundreds digit of 39678?
6
What is the units digit of 704?
4
What is the units digit of 14283?
3
What is the thousands digit of 21461?
1
What is the tens digit of 24202?
0
What is the tens digit of 68610?
1
What is the thousands digit of 45407?
5
What is the thousands digit of 82068?
2
What is the units digit of 105?
5
What is the hundreds digit of 4993?
9
What is the ten thousands digit of 30314?
3
What is the thousands digit of 3367?
3
What is the hundreds digit of 28086?
0
What is the units digit of 1085?
5
What is the hundreds digit of 280?
2
What is the hundreds digit of 1311?
3
What is the thousands digit of 1451?
1
What is the hundreds digit of 701?
7
What is the units digit of 291?
1
What is the units digit of 15574?
4
What is the ten thousands digit of 89472?
8
What is the hundreds digit of 456?
4
What is the tens digit of 1672?
7
What is the thousands digit of 87735?
7
What is the ten thousands digit of 115162?
1
What is the units digit of 37076?
6
What is the thousands digit of 4542?
4
What is the hundreds digit of 19281?
2
What is the tens digit of 884?
8
What is the hundreds digit of 3589?
5
What is the units digit of 4660?
0
What is the units digit of 5574?
4
What is the thousands digit of 11670?
1
What is the ten thousands digit of 11653?
1
What is the tens digit of 38?
3
What is the units digit of 11240?
0
What is the tens digit of 3290?
9
What is the tens digit of 22907?
0
What is the units digit of 10491?
1
What is the tens digit of 13066?
6
What is the hundreds digit of 24339?
3
What is the hundreds digit of 75105?
1
What is the thousands digit of 1641?
1
What is the tens digit of 1397?
9
What is the hundreds digit of 10402?
4
What is the ten thousands digit of 25268?
2
What is the hundreds digit of 242?
2
What is the tens digit of 2877?
7
What is the units digit of 205?
5
What is the tens digit of 3240?
4
What is the hundreds digit of 1483?
4
What is the thousands digit of 1101?
1
What is the tens digit of 164?
6
What is the tens digit of 2589?
8
What is the ten thousands digit of 175980?
7
What is the thousands digit of 42036?
2
What is the tens digit of 2449?
4
What is the tens digit of 20519?
1
What is the thousands digit of 18728?
8
What is the tens digit of 1722?
2
What is the ten thousands digit of 45190?
4
What is the units digit of 4226?
6
What is the ten thousands digit of 33433?
3
What is the units digit of 453?
3
What is the thousands digit of 46604?
6
What is the tens digit of 663?
6
What is the units digit of 26?
6
What is the units digit of 869?
9
What is the hundreds digit of 3016?
0
What is the tens digit of 32370?
7
What is the tens digit of 133862?
6
What is the units digit of 38694?
4
What is the hundreds digit of 937?
9
What is the hundred thousands digit of 158214?
1
What is the tens digit of 16574?
7
What is the units digit of 1165?
5
What is the thousands digit of 5492?
5
What is the thousands digit of 19667?
9
What is the units digit of 208?
8
What is the hundreds digit of 5298?
2
What is the tens digit of 9802?
0
What is the ten thousands digit of 25310?
2
What is the units digit of 3339?
9
What is the tens digit of 1329?
2
What is the hundreds digit of 880?
8
What is the tens digit of 4086?
8
What is the hundreds digit of 5389?
3
What is the tens digit of 65911?
1
What is the hundreds digit of 4154?
1
What is the hundreds digit of 7777?
7
What is the tens digit of 529?
2
What is the ten thousands digit of 25010?
2
What is the ten thousands digit of 107620?
0
What is the thousands digit of 13691?
3
What is the hundreds digit of 4404?
4
What is the tens digit of 39679?
7
What is the hundreds digit of 6144?
1
What is the thousands digit of 3654?
3
What is the tens digit of 21551?
5
What is the hundreds digit of 33291?
2
What is the hundreds d